{"id":721,"date":"2021-05-11T18:21:45","date_gmt":"2021-05-11T21:21:45","guid":{"rendered":"http:\/\/oabpocosdecaldas.org.br\/?page_id=721"},"modified":"2021-05-28T14:42:06","modified_gmt":"2021-05-28T17:42:06","slug":"escritorio-compartilhado","status":"publish","type":"page","link":"https:\/\/oabpocosdecaldas.org.br\/index.php\/escritorio-compartilhado\/","title":{"rendered":"Escrit\u00f3rio Compartilhado"},"content":{"rendered":"\t\t<div data-elementor-type=\"wp-page\" data-elementor-id=\"721\" class=\"elementor elementor-721\" data-elementor-post-type=\"page\">\n\t\t\t\t\t\t<section class=\"elementor-section elementor-top-section elementor-element elementor-element-a7a5971 elementor-section-boxed elementor-section-height-default elementor-section-height-default\" data-id=\"a7a5971\" data-element_type=\"section\" data-e-type=\"section\">\n\t\t\t\t\t\t<div class=\"elementor-container elementor-column-gap-default\">\n\t\t\t\t\t<div class=\"elementor-column elementor-col-100 elementor-top-column elementor-element elementor-element-f27872a\" data-id=\"f27872a\" data-element_type=\"column\" data-e-type=\"column\">\n\t\t\t<div class=\"elementor-widget-wrap elementor-element-populated\">\n\t\t\t\t\t\t<div class=\"elementor-element elementor-element-f902e84 elementor-widget-divider--view-line_text elementor-widget-divider--element-align-right elementor-widget elementor-widget-divider\" data-id=\"f902e84\" data-element_type=\"widget\" data-e-type=\"widget\" data-widget_type=\"divider.default\">\n\t\t\t\t<div class=\"elementor-widget-container\">\n\t\t\t\t\t\t\t<div class=\"elementor-divider\">\n\t\t\t<span class=\"elementor-divider-separator\">\n\t\t\t\t\t\t\t<span class=\"elementor-divider__text elementor-divider__element\">\n\t\t\t\tESCRIT\u00d3RIO COMPARTILHADO\t\t\t\t<\/span>\n\t\t\t\t\t\t<\/span>\n\t\t<\/div>\n\t\t\t\t\t\t<\/div>\n\t\t\t\t<\/div>\n\t\t\t\t\t<\/div>\n\t\t<\/div>\n\t\t\t\t\t<\/div>\n\t\t<\/section>\n\t\t\t\t<section class=\"elementor-section elementor-top-section elementor-element elementor-element-a66f0c4 elementor-section-boxed elementor-section-height-default elementor-section-height-default\" data-id=\"a66f0c4\" data-element_type=\"section\" data-e-type=\"section\" data-settings=\"{&quot;background_background&quot;:&quot;classic&quot;}\">\n\t\t\t\t\t\t<div class=\"elementor-container elementor-column-gap-default\">\n\t\t\t\t\t<div class=\"elementor-column elementor-col-50 elementor-top-column elementor-element elementor-element-e8cd20b\" data-id=\"e8cd20b\" data-element_type=\"column\" data-e-type=\"column\">\n\t\t\t<div class=\"elementor-widget-wrap elementor-element-populated\">\n\t\t\t\t\t\t<div class=\"elementor-element elementor-element-107ccfc elementor-widget elementor-widget-image\" data-id=\"107ccfc\" data-element_type=\"widget\" data-e-type=\"widget\" data-widget_type=\"image.default\">\n\t\t\t\t<div class=\"elementor-widget-container\">\n\t\t\t\t\t\t\t\t\t\t\t\t\t\t\t<img fetchpriority=\"high\" decoding=\"async\" width=\"500\" height=\"300\" src=\"https:\/\/oabpocosdecaldas.org.br\/wp-content\/uploads\/2021\/05\/Sala.jpg\" class=\"attachment-large size-large wp-image-1013\" alt=\"\" srcset=\"https:\/\/oabpocosdecaldas.org.br\/wp-content\/uploads\/2021\/05\/Sala.jpg 500w, https:\/\/oabpocosdecaldas.org.br\/wp-content\/uploads\/2021\/05\/Sala-300x180.jpg 300w\" sizes=\"(max-width: 500px) 100vw, 500px\" \/>\t\t\t\t\t\t\t\t\t\t\t\t\t\t\t<\/div>\n\t\t\t\t<\/div>\n\t\t\t\t\t<\/div>\n\t\t<\/div>\n\t\t\t\t<div class=\"elementor-column elementor-col-50 elementor-top-column elementor-element elementor-element-67eb0d1\" data-id=\"67eb0d1\" data-element_type=\"column\" data-e-type=\"column\">\n\t\t\t<div class=\"elementor-widget-wrap elementor-element-populated\">\n\t\t\t\t\t\t<div class=\"elementor-element elementor-element-5fd2e58 elementor-widget elementor-widget-heading\" data-id=\"5fd2e58\" data-element_type=\"widget\" data-e-type=\"widget\" data-widget_type=\"heading.default\">\n\t\t\t\t<div class=\"elementor-widget-container\">\n\t\t\t\t\t<h2 class=\"elementor-heading-title elementor-size-default\">Escrit\u00f3rio compartilhado<\/h2>\t\t\t\t<\/div>\n\t\t\t\t<\/div>\n\t\t\t\t<div class=\"elementor-element elementor-element-d5dbfea elementor-widget elementor-widget-text-editor\" data-id=\"d5dbfea\" data-element_type=\"widget\" data-e-type=\"widget\" data-widget_type=\"text-editor.default\">\n\t\t\t\t<div class=\"elementor-widget-container\">\n\t\t\t\t\t\t\t\t\t<p><strong><span style=\"vertical-align: inherit;\"><span style=\"vertical-align: inherit;\">A OAB Po\u00e7os de Caldas disponibiliza escrit\u00f3rio para uso profissional pelo advogado de forma a dar condi\u00e7\u00f5es de iniciar e se fixar no exerc\u00edcio da atividade, bem como aqueles que n\u00e3o possuem escrit\u00f3rio, exclusivo para atendimento aos seus clientes.<\/span><\/span><\/strong><\/p><p><strong><span style=\"vertical-align: inherit;\"><span style=\"vertical-align: inherit;\">O espa\u00e7o funciona dentro da Sede da Subse\u00e7\u00e3o, e \u00e9 composto de sala para uso individual equipada com recursos de inform\u00e1tica (computador com acesso a internet e impressora compartilhada).<\/span><\/span><\/strong><\/p><p><strong><span style=\"vertical-align: inherit;\"><span style=\"vertical-align: inherit;\">O agendamento para a utiliza\u00e7\u00e3o do Escrit\u00f3rio Compartilhado deve ser realizado pelo advogado da Sede da 25\u00aa Subse\u00e7\u00e3o da OAB \/ MG ou atrav\u00e9s do telefone: 3722-2877.<\/span><\/span><\/strong><\/p><p><strong><span style=\"vertical-align: inherit;\"><span style=\"vertical-align: inherit;\">Hor\u00e1rios dispon\u00edveis:<\/span><\/span><\/strong><\/p><ul><li><strong><span style=\"vertical-align: inherit;\"><span style=\"vertical-align: inherit;\">Dias \u00fateis; <\/span><span style=\"vertical-align: inherit;\">9h, 10h, 13h, 14h, 15h e 16h.<\/span><\/span><\/strong><\/li><\/ul><p><strong><span style=\"vertical-align: inherit;\"><span style=\"vertical-align: inherit;\"><br \/><a href=\"https:\/\/oabpocosdecaldas.org.br\/wp-content\/uploads\/2021\/05\/ESC_COMPARTILHADO.pdf\" target=\"_blank\" rel=\"noopener\">Clique aqui para visualizar o regulamento de uso do escrit\u00f3rio.<\/a><\/span><\/span><\/strong><\/p>\t\t\t\t\t\t\t\t<\/div>\n\t\t\t\t<\/div>\n\t\t\t\t\t<\/div>\n\t\t<\/div>\n\t\t\t\t\t<\/div>\n\t\t<\/section>\n\t\t\t\t<\/div>\n\t\t","protected":false},"excerpt":{"rendered":"<p>ESCRIT\u00d3RIO COMPARTILHADO Escrit\u00f3rio compartilhado A OAB Po\u00e7os de Caldas disponibiliza escrit\u00f3rio para uso profissional pelo advogado de forma a dar condi\u00e7\u00f5es de iniciar e se fixar no exerc\u00edcio da atividade, bem como aqueles que n\u00e3o possuem escrit\u00f3rio, exclusivo para atendimento aos seus clientes. O espa\u00e7o funciona dentro da Sede da Subse\u00e7\u00e3o, e \u00e9 composto de [&hellip;]<\/p>\n","protected":false},"author":1,"featured_media":0,"parent":0,"menu_order":0,"comment_status":"closed","ping_status":"closed","template":"elementor_canvas","meta":{"footnotes":""},"class_list":["post-721","page","type-page","status-publish","hentry"],"_links":{"self":[{"href":"https:\/\/oabpocosdecaldas.org.br\/index.php\/wp-json\/wp\/v2\/pages\/721","targetHints":{"allow":["GET"]}}],"collection":[{"href":"https:\/\/oabpocosdecaldas.org.br\/index.php\/wp-json\/wp\/v2\/pages"}],"about":[{"href":"https:\/\/oabpocosdecaldas.org.br\/index.php\/wp-json\/wp\/v2\/types\/page"}],"author":[{"embeddable":true,"href":"https:\/\/oabpocosdecaldas.org.br\/index.php\/wp-json\/wp\/v2\/users\/1"}],"replies":[{"embeddable":true,"href":"https:\/\/oabpocosdecaldas.org.br\/index.php\/wp-json\/wp\/v2\/comments?post=721"}],"version-history":[{"count":0,"href":"https:\/\/oabpocosdecaldas.org.br\/index.php\/wp-json\/wp\/v2\/pages\/721\/revisions"}],"wp:attachment":[{"href":"https:\/\/oabpocosdecaldas.org.br\/index.php\/wp-json\/wp\/v2\/media?parent=721"}],"curies":[{"name":"wp","href":"https:\/\/api.w.org\/{rel}","templated":true}]}}